((-14 - -18) + -3 - (-10 - -1))?
-6
Calculate 2 - (-1 + 2 + -1).
2
What is the value of -4 + 20 + -1 + -6 + -2 - 22?
-15
What is the value of -1 - (-7 + -17 + 17)?
6
Evaluate -2 + -4 - (-42 + 34).
2
Calculate -11 + -10 + (8 - 11) + 43.
19
What is the value of 108 + -94 + (-2 - (-1 - -34))?
-21
Calculate -12 - (-13 + (-8 - 1 - -24)).
-14
Evaluate (13 + -10 - 10) + 7 - (-10 - 8).
18
Calculate -1 + -9 + 0 + 34 + 2 + -2.
24
Calculate -16 + -31 + 43 + -15.
-19
2 - (13 - (0 + 4 + (99 - 106)))
-14
What is the value of (-9 - (-3 + -12)) + 9 + -3?
12
What is -16 + -33 - (5 + -8 - 12)?
-34
Evaluate 1 - 5 - (594 + -582).
-16
What is the value of -2 - (-11 - 1) - ((31 - -17) + -53)?
15
What is -36 + 55 + -31 + 38?
26
Calculate -92 + 79 - (3 - 2) - (-1 + 5).
-18
What is the value of -33 + -5 + 39 + 6 + 0 + 0?
7
-7 - ((-24 - (-1 - -1)) + 9)
8
What is (10 - 13) + 9 - (13 + -5 + -5)?
3
(1 - -5 - 12) + -7 + -9
-22
What is the value of -3 + 6 + 3 + -23 + 4 + -9?
-22
Calculate 11 + 9 + -6 + -18.
-4
1 + -15 + (121 - 64) + -9
34
Evaluate -1 - 8 - (-10 + (7 - 3) + -15).
12
Calculate -3 + (16 + 0 - ((-2 - 10) + 14)).
11
Evaluate 9 + 1 + (-4 - 26 - -8).
-12
What is (4 - -1) + -1 + -7 + (-5 - -16)?
8
Evaluate 20 - (-18 + 3 + 4 + (12 - 8)).
27
What is 6 - (3 + -10) - 2?
11
What is (4 + 3 - 0) + (59 - 67)?
-1
What is the value of (-4 - 2) + (6 - 30) + 16?
-14
Evaluate 1 + -13 - (7 - ((-14 - -2) + 20)).
-11
Calculate (33 - -3) + -571 + 555.
20
What is the value of 10 + 1 - (-2 - (-1 + -1) - -1)?
10
Evaluate 16 + -35 - (-2 - -1 - (4 + -4)).
-18
Evaluate (1 - (8 + -1)) + (-34 - (-46 + 10)).
-4
What is -210 + 236 - (9 - 1)?
18
What is (11 - -2) + 4 + -4 + -5?
8
Calculate (8 + -5 - 25) + (7 - -3).
-12
Calculate 36 - (38 + -2) - -5.
5
Calculate 20 + (-14 - (4 + -9)) - -8.
19
What is the value of 0 - (-1 + 4 + 3 + 3)?
-9
What is 6 + (31 - 22) + -1?
14
Evaluate -17 - 1 - (5 + 13 - 22).
-14
-2 + -4 + (-12 - -25) + -13
-6
What is 0 + -19 + -506 + 542?
17
(-9 - 0 - (5 + -12 + -1)) + 12
11
Evaluate -11 - (0 - 0) - (-5 + -48 + 4).
38
What is the value of -27 + (-52 - -29) + 35?
-15
Calculate 1 + -3 + -5 + 1 + -6 + 9.
-3
Calculate -9 - (2 + 0 - (97 + -89)).
-3
Calculate -50 + 36 - -22 - (-4 - -10 - 3).
5
Calculate -2 - (-1 + (6 - 17)) - (8 + 2).
0
What is the value of (3 - (24 - 29)) + -13 + 0?
-5
Calculate 2 + 1 - (6 + -4 + -2 + -2).
5
-6 + -5 + (-15 - -14 - (2 + 0))
-14
What is -2 - (3 - (9 - 10))?
-6
Calculate 9 + 6 + -3 + -3 + (17 - 24).
2
Evaluate 28 + -4 + -6 + 16 + -11 + -6.
17
What is 42 + 0 - (-10 + (6 - 20) - -31)?
35
Evaluate (-30 - -28 - 17) + 32.
13
Calculate -4 + -1 - (10 - (13 - (-5 - -2))).
1
What is 8 - ((0 - 1) + 8 + 10)?
-9
Calculate -36 - -28 - (15 + 2 + -3).
-22
45 + (-6 - 6) - 19
14
(8 + -26 - 10) + 34 + -23
-17
Evaluate (84 - 75) + -22 + -1.
-14
What is 17 - 11 - 6 - ((2 - 14) + -2)?
14
What is 11 - ((4 - 31) + 6 - -7)?
25
Evaluate -449 - -461 - (30 + (-2 - -3)).
-19
(30 - -1) + 7 + 7 + -23
22
Calculate -2 + -10 - (-15 + (-7 - -13)).
-3
6 + -17 - (75 + -96)
10
What is the value of -8 - (1 - (8 + -16 - -17))?
0
What is the value of -4 - (1 - (1 - -14))?
10
Evaluate 10 - (8 - (-20 - -15)) - (-2 - 4).
3
Calculate 12 - ((-4 - (-12 - -7)) + -3).
14
Calculate -170 - -155 - (3 - 6 - 25).
13
What is (1 - 2) + -28 + 39 + -20?
-10
2 - 10 - (-85 + 81)
-4
What is the value of (1 - -4 - 5) + -10 - -19?
9
Calculate -28 - (-65 + 29 + 30).
-22
0 - (5 - (-16 - (-2 + -8)))
-11
What is the value of 78 + -86 + 1 + -8 - -8?
-7
Calculate 10 + -19 + 8 + -4 + -2.
-7
Evaluate (191 - 177) + -23 + 0.
-9
What is the value of (-27 - 2) + 52 + -18?
5
What is (-3 - (-5 + (-4 - -3) + -1)) + 1?
5
Calculate 11 - 4 - (-1 - -4 - 4).
8
Calculate 16 - (-1 + -2 - -7 - -2).
10
What is the value of (16 - (16 + -21) - 22) + (-5 - 1)?
-7
What is -1 + 4 + 3 + -4 - 0?
2
What is -67 + 64 + -3 + (13 - 3) + -3?
1
10 + 2 + (4 - 11) + -4
1
What is -1 + -28 + 14 + 33?
18
What is the value of 4 - (2 + -2) - (-28 + 25)?
7
What is 3 + -2 + 10 + -5 + -2?
4
What is the value of -2 + (5 - (0 - (-1 + 0)) - -5)?
7
What is -12 + (-29 - 3) - (0 + (-7 - 0))?
-37
What is the value of 225 + -200 + (-14 - (1 + -1))?
11
2 - (7 + 8 + 5) - (-3 + -3)
-12
Evaluate (-2 - 10 - -2) + (-2 - -1 - 4).
-15
Evaluate -10 + -1 + 12 + (-19 - (1 - 19)).
0
Evaluate -24 - (26 + -30 + -6 + 1).
-15
Evaluate 7 + 1 - (10 + -1 + -16 - -12).
3
What is the value of -3 + -2 + -2 + (4 - 4) + -5?
-12
Evaluate 22 + (-12 - 1 - (-2 + -2)).
13
-10 - -5 - ((6 - 0) + 2) - -2
-11
What is (-6 - (6 + -1 + (-16 - -8))) + 15?
12
Evaluate 97 + -91 - ((1 - -1) + -6 - 0).
10
What is the value of 3 - (-8 - -7 - -5)?
-1
What is the value of 16 - (-17 + (-9 - -16)) - 4?
22
What is (-1 - (-23 - 2)) + 13 + -97 + 85?
25
Calculate -1 - 1 - (6 - ((-7 - -23) + 19)).
27
What is 10 - ((2 - 20) + (1 - (19 - 14)))?
32
What is (-2 - 5) + (-46 - -53)?
0
4 + (0 - -1 - -6 - (7 - 11))
15
What is the value of -9 + 3 + (8 - (12 + -7))?
-3
Evaluate 3 - (10 - (15 + 0) - -9).
-1
Evaluate -6 - (3 + -2 + -42 + 32).
3
(6 + (-17 - -6) - -9 - 6) + -4
-6
-12 + (-6 - (-15 + 2)) - (-1 + -7)
3
What is (15 - 39) + 8 - -14?
-2
What is (34 - 55) + (3 - 3) - (-5 - 1)?
-15
-104 - -110 - (-3 + 2)
7
20 + -11 + (-32 - -13 - (10 + -4))
-16
(-1358 - -1356) + 0 + 0 + -6
-8
What is -45 + -18 + 39 + 9?
-15
What is the value of 5 - (-8 - 1 - -7 - (1 - 3))?
5
Evaluate 0 + 2 - ((21 - -1) + -4 + -10).
-6
What is the value of 30 + 6 + (-5 - 16)?
15
Evaluate -18 - (-24 - (-40 + 34)).
0
What is the value of 53 + -30 + (2 - 13)?
12
What is -29 - (-6 + (-1 - -11))?
-33
Calculate 4 + ((-5 - 6) + 21 - 5) - 6.
3
Calculate -1 - -6 - (-407 + 402).
10
What is (-22 - -16) + (-5 - (6 - 12))?
-5
Calculate 8 + -3 - (0 - (-5 + -6 + 9)).
3
Calculate -31 - -9 - (-4 - (2 + 3)).
-13
(0 - -59) + -17 - 25
17
What is 10 - (45 - (43 - 14))?
-6
Calculate (-2 - 34) + 45 - -26.
35
Evaluate 17 + -3 - 4 - (-35 + 35).
10
-77 + (-80 - -128) + (1 - (0 + -5))
-23
Calculate (13 - (28 - 22)) + (-2 - 3).
2
What is the value of 21 + 19 + -10 + -20?
10
Calculate (-52 - -47) + (1 + -2 - (9 + -26)).
11
What is the value of 11 - ((-7 + 1 - 0) + 11 - 4)?
10
What is the value of (-7 - -33) + (0 - 10) + (-23 - -29)?
22
What is (-3 - -1) + (5 - (-4 + 5 + -10))?
12
What is the value of (-7 - -4) + (2 - (21 + -11))?
-11
Calculate -13 + 12 + -25 + (-13 - -21).
-18
What is the value of (7 - 4) + -7 + 0 + 12?
8
What is 17 + (-50 - -55 - (-1 - -2))?
21
(5 - 1) + -1 - (21 - 2 - -1)
-17
Evaluate -5 + (-2 - -4) + (-5 - 6).
-14
Evaluate -5 + 13 + 3 + -5.
6
22 + (-7 + -5 + -7 - -12)
15
Calculate -1 - -17 - (11 + (-2 - 13 - -6)).
14
0 + -2 + -2 - (-36 - -62 - 14)
-16
0 - -5 - (-6 - -10)
1
What is the value of (-3 - 24 - -31 - -6) + 4 + -1?
13
What is -18 + 8 + 10 + (14 - 1)?
13
7 - 1 - ((-23 - -46) + 0)
-17
What is the value of (10 - 17 - (-1 + -3 + 0)) + -4?
-7
Calculate 2 + 2 + (-6 - -5) + 17.
20
(5 - 3) + (-112 - -126)
16
Calculate 21 - (6 + (-15 - -28)).
2
What is -4 + (0 - 5 - (6 + -26)) + 2?
13
What is the value of (1 + 1 - 3) + (-36 - -20) + 17?
0
What is (94 + -81 - (5 + -1)) + -15 + -3?
-9
Calculate 315 + -160 + -141 + (1 - 12 - -1).
4
What is the value of -5 + -20 - (-48 - -6)?
17
Evaluate 1 + -25 - (43 - (55 - 26)).
-38
What is (70 - (-13 + 28)) + -38?
17
What is the value of (3 - 0) + -6 + 10 + -20 + 2?
-11
What is -5 - (-18 + 0 - (18 + (20 - 48)))?
3
What is the value of -921 + 912 - ((4 - -2) + -1 + 0)?
-14
7 + 3 + (-20 - -45 - 17)
18
Calculate -148 - -154 - (11 - (2 - (-1 + 3))).
-5
Evaluate -10 - (0 - (-10 - 3 - -8)).
-15
(4 - 1) + (-36 - 26) + 42
-17
Calculate (3 - -1 - (3 + -3)) + (-27 - -15).
-8
What is (-24 + 26 - 22) + 10?
-10
Calculate -20 + -5 + 24 + -1 + (2 - 2).
-2
Calculate (2 - 7) + -25 + 47 + -25.
-8
What is (-28 + 16 - -6) + (0 - -20)?
14
What is the value of 1 - -9 - -11 - 12 - -9?
18
What is the value of 17 + 6 + 18 + -22?
19
What is the value of (-5 - (-7 - 3)) + -8 + (-2 - -3)?
-2
What is the value of 10 + 6 + -7 - 27 - -12?
-6
What is the value of 1 - (3 - 1) - (38 + -36)?
-3
Evaluate (-38 + 15 + 5 - -14) + -33.
-37
Evaluate -1 + 8 + -2 + -44 + 31 + 8.
0
What is the value of -75 + 28 - -39 - -44?
36
(3 - 2) + (30 - (21 + -16))
26
Calculate 1 + -1 + (10 - 12) - (47 + -39).
-10
Calculate 8 - 1 - (-45 - (30 - 62)).
20
What is the value